{"id":100,"date":"2021-11-23T20:11:59","date_gmt":"2021-11-23T19:11:59","guid":{"rendered":"http:\/\/www.aazinfo.fr\/?page_id=100"},"modified":"2021-12-05T16:43:09","modified_gmt":"2021-12-05T15:43:09","slug":"accueil","status":"publish","type":"page","link":"https:\/\/www.aazinfo.fr\/","title":{"rendered":"Accueil"},"content":{"rendered":"\n<p>R\u00e9alisation d&rsquo;outils sur mesure selon vos besoins et adapt\u00e9s \u00e0 votre r\u00e9alit\u00e9 de terrain.<\/p>\n","protected":false},"excerpt":{"rendered":"<p>R\u00e9alisation d&rsquo;outils sur mesure selon vos besoins et adapt\u00e9s \u00e0 votre r\u00e9alit\u00e9 de terrain.<\/p>\n","protected":false},"author":1,"featured_media":0,"parent":0,"menu_order":0,"comment_status":"closed","ping_status":"closed","template":"","meta":[],"_links":{"self":[{"href":"https:\/\/www.aazinfo.fr\/index.php\/wp-json\/wp\/v2\/pages\/100"}],"collection":[{"href":"https:\/\/www.aazinfo.fr\/index.php\/wp-json\/wp\/v2\/pages"}],"about":[{"href":"https:\/\/www.aazinfo.fr\/index.php\/wp-json\/wp\/v2\/types\/page"}],"author":[{"embeddable":true,"href":"https:\/\/www.aazinfo.fr\/index.php\/wp-json\/wp\/v2\/users\/1"}],"replies":[{"embeddable":true,"href":"https:\/\/www.aazinfo.fr\/index.php\/wp-json\/wp\/v2\/comments?post=100"}],"version-history":[{"count":3,"href":"https:\/\/www.aazinfo.fr\/index.php\/wp-json\/wp\/v2\/pages\/100\/revisions"}],"predecessor-version":[{"id":126,"href":"https:\/\/www.aazinfo.fr\/index.php\/wp-json\/wp\/v2\/pages\/100\/revisions\/126"}],"wp:attachment":[{"href":"https:\/\/www.aazinfo.fr\/index.php\/wp-json\/wp\/v2\/media?parent=100"}],"curies":[{"name":"wp","href":"https:\/\/api.w.org\/{rel}","templated":true}]}}